the prime factors of 6810.
2, 3, 5, 227
What are the prime factors of 3862?
2, 1931
List the prime factors of 2131.
2131
List the prime factors of 1146.
2, 3, 191
What are the prime factors of 5991?
3, 1997
List the prime factors of 35643.
3, 109
List the prime factors of 50587.
50587
What are the prime factors of 658?
2, 7, 47
What are the prime factors of 1185?
3, 5, 79
List the prime factors of 13321.
7, 11, 173
List the prime factors of 1570.
2, 5, 157
What are the prime factors of 24271?
13, 1867
What are the prime factors of 7892?
2, 1973
What are the prime factors of 144400?
2, 5, 19
What are the prime factors of 4241?
4241
List the prime factors of 6389.
6389
What are the prime factors of 1014?
2, 3, 13
What are the prime factors of 11644?
2, 41, 71
List the prime factors of 20562.
2, 3, 23, 149
List the prime factors of 2140.
2, 5, 107
List the prime factors of 53.
53
What are the prime factors of 29596?
2, 7, 151
List the prime factors of 6511.
17, 383
What are the prime factors of 55999?
29, 1931
What are the prime factors of 15893?
23, 691
What are the prime factors of 1421?
7, 29
What are the prime factors of 692?
2, 173
What are the prime factors of 553?
7, 79
List the prime factors of 1206.
2, 3, 67
What are the prime factors of 1862?
2, 7, 19
List the prime factors of 11068.
2, 2767
What are the prime factors of 19265?
5, 3853
What are the prime factors of 83321?
7, 11903
List the prime factors of 466.
2, 233
What are the prime factors of 3420?
2, 3, 5, 19
What are the prime factors of 41160?
2, 3, 5, 7
List the prime factors of 12529.
11, 17, 67
What are the prime factors of 1884?
2, 3, 157
List the prime factors of 1163.
1163
List the prime factors of 1337.
7, 191
What are the prime factors of 31212?
2, 3, 17
List the prime factors of 20001.
3, 59, 113
List the prime factors of 762.
2, 3, 127
List the prime factors of 9579.
3, 31, 103
What are the prime factors of 392?
2, 7
List the prime factors of 591.
3, 197
What are the prime factors of 127203?
3, 109, 389
What are the prime factors of 16722?
2, 3, 929
List the prime factors of 925.
5, 37
What are the prime factors of 4305?
3, 5, 7, 41
What are the prime factors of 1461?
3, 487
List the prime factors of 12659.
12659
List the prime factors of 19016.
2, 2377
What are the prime factors of 206659?
47, 4397
List the prime factors of 6067.
6067
What are the prime factors of 2135?
5, 7, 61
List the prime factors of 2368.
2, 37
What are the prime factors of 5485?
5, 1097
What are the prime factors of 3238?
2, 1619
What are the prime factors of 87470?
2, 5, 8747
What are the prime factors of 4232?
2, 23
What are the prime factors of 90798?
2, 3, 37, 409
What are the prime factors of 10149?
3, 17, 199
List the prime factors of 700.
2, 5, 7
List the prime factors of 5091.
3, 1697
What are the prime factors of 6618?
2, 3, 1103
What are the prime factors of 29842?
2, 43, 347
List the prime factors of 1128.
2, 3, 47
List the prime factors of 5728.
2, 179
List the prime factors of 9786.
2, 3, 7, 233
List the prime factors of 8610.
2, 3, 5, 7, 41
What are the prime factors of 21764?
2, 5441
What are the prime factors of 83555?
5, 17, 983
List the prime factors of 88089.
3, 29363
What are the prime factors of 4936?
2, 617
What are the prime factors of 40813?
40813
List the prime factors of 1928.
2, 241
List the prime factors of 1485.
3, 5, 11
List the prime factors of 19649.
7, 401
What are the prime factors of 1026?
2, 3, 19
What are the prime factors of 809?
809
List the prime factors of 3915.
3, 5, 29
List the prime factors of 2690.
2, 5, 269
List the prime factors of 5166.
2, 3, 7, 41
List the prime factors of 409.
409
List the prime factors of 4244.
2, 1061
What are the prime factors of 27969?
3, 9323
What are the prime factors of 198684?
2, 3, 5519
List the prime factors of 896.
2, 7
What are the prime factors of 491?
491
What are the prime factors of 12624?
2, 3, 263
What are the prime factors of 157051?
157051
What are the prime factors of 488?
2, 61
What are the prime factors of 2678?
2, 13, 103
List the prime factors of 1573.
11, 13
List the prime factors of 242.
2, 11
List the prime factors of 83549.
29, 43, 67
What are the prime factors of 13951?
7, 1993
List the prime factors of 699.
3, 233
List the prime factors of 24679.
23, 29, 37
List the prime factors of 5013.
3, 557
What are the prime factors of 12021?
3, 4007
What are the prime factors of 1281?
3, 7, 61
List the prime factors of 3359.
3359
List the prime factors of 8481.
3, 11, 257
What are the prime factors of 547?
547
What are the prime factors of 17546?
2, 31, 283
List the prime factors of 407.
11, 37
What are the prime factors of 267?
3, 89
What are the prime factors of 11414?
2, 13, 439
List the prime factors of 16455.
3, 5, 1097
List the prime factors of 66911.
13, 5147
What are the prime factors of 100619?
239, 421
List the prime factors of 7488.
2, 3, 13
List the prime factors of 115.
5, 23
What are the prime factors of 143?
11, 13
What are the prime factors of 6409?
13, 17, 29
What are the prime factors of 26788?
2, 37, 181
List the prime factors of 755.
5, 151
What are the prime factors of 50934?
2, 3, 13, 653
What are the prime factors of 5630?
2, 5, 563
List the prime factors of 10790.
2, 5, 13, 83
List the prime factors of 3034.
2, 37, 41
What are the prime factors of 1386?
2, 3, 7, 11
List the prime factors of 1630.
2, 5, 163
What are the prime factors of 32552?
2, 13, 313
List the prime factors of 11390.
2, 5, 17, 67
List the prime factors of 1740.
2, 3, 5, 29
What are the prime factors of 980?
2, 5, 7
What are the prime factors of 2888?
2, 19
List the prime factors of 68127.
3, 22709
List the prime factors of 73815.
3, 5, 7, 19, 37
List the prime factors of 1231.
1231
What are the prime factors of 1189?
29, 41
What are the prime factors of 3341?
13, 257
What are the prime factors of 10869?
3, 3623
What are the prime factors of 1135?
5, 227
What are the prime factors of 26142?
2, 3, 4357
List the prime factors of 9353.
47, 199
What are the prime factors of 619?
619
List the prime factors of 2552.
2, 11, 29
List the prime factors of 9732.
2, 3, 811
What are the prime factors of 66054?
2, 3, 101, 109
What are the prime factors of 20699?
7, 2957
List the prime factors of 7626.
2, 3, 31, 41
List the prime factors of 5891.
43, 137
List the prime factors of 276.
2, 3, 23
List the prime factors of 2343.
3, 11, 71
What are the prime factors of 32092?
2, 71, 113
What are the prime factors of 71977?
167, 431
What are the prime factors of 130177?
349, 373
List the prime factors of 16679.
13, 1283
List the prime factors of 2152.
2, 269
List the prime factors of 16427.
16427
List the prime factors of 1760.
2, 5, 11
List the prime factors of 106545.
3, 5, 7103
What are the prime factors of 6412?
2, 7, 229
List the prime factors of 1724.
2, 431
What are the prime factors of 17659?
17659
List the prime factors of 1579.
1579
List the prime factors of 33215.
5, 7, 13, 73
List the prime factors of 5742.
2, 3, 11, 29
List the prime factors of 10513.
10513
List the prime factors of 20646.
2, 3, 31, 37
List the prime factors of 53.
53
What are the prime factors of 1589?
7, 227
What are the prime factors of 3178?
2, 7, 227
List the prime factors of 2031.
3, 677
What are the prime factors of 49040?
2, 5, 613
List the prime factors of 56671.
56671
What are the prime factors of 26536?
2, 31, 107
What are the prime factors of 4605?
3, 5, 307
What are the prime factors of 97?
97
What are the prime factors of 843?
3, 281
What are the prime factors of 7813?
13, 601
What are the prime factors of 19162?
2, 11, 13, 67
List the prime factors of 424.
2, 53
List the prime factors of 2197.
13
List the prime factors of 1964.
2, 491
What are the prime factors of 1958?
2, 11, 89
What are the prime factors of 11839?
11839
List the prime factors of 23770.
2, 5, 2377
List the prime factors of 1468.
2, 367
List the prime factors of 1317.
3, 439
What are the prime factors of 5696?
2, 89
What are the prime factors of 5913?
3, 73
List the prime factors of 9256.
2, 13, 89
List the prime factors of 586.
2, 293
What are the prime factors of 9122?
2, 4561
What are the prime factors of 9459?
3, 1051
What are the prime factors of 1277?
1277
What are t